rue
Is 494873 a prime number?
True
Is 19871 a prime number?
False
Is 9253 prime?
False
Is 74797 a prime number?
True
Is 6169 a prime number?
False
Is 721 composite?
True
Is 125449 prime?
False
Is 91541 composite?
False
Is 1544863 a composite number?
False
Is 1646 a composite number?
True
Is 6683 a prime number?
False
Is 309163 a composite number?
True
Is 113333 composite?
True
Is 32369 a prime number?
True
Is 42131 prime?
True
Is 66919 composite?
False
Is 97873 a composite number?
True
Is 15999 a prime number?
False
Is 56587 a prime number?
False
Is 2217 a prime number?
False
Is 719893 prime?
True
Is 203713 a prime number?
True
Is 41801 a composite number?
False
Is 315281 composite?
False
Is 1603547 a prime number?
False
Is 46213 a composite number?
True
Is 34789 a composite number?
True
Is 236377 composite?
False
Is 24049 prime?
True
Is 772399 a prime number?
False
Is 2053 composite?
False
Is 18119 a prime number?
True
Is 105109 composite?
True
Is 74219 prime?
True
Is 1388949 composite?
True
Is 280787 composite?
True
Is 317047 a prime number?
True
Is 31741 a composite number?
False
Is 42037 a composite number?
True
Is 525571 a composite number?
False
Is 531281 a composite number?
False
Is 365639 composite?
False
Is 1278457 composite?
True
Is 5921 a composite number?
True
Is 1048105 composite?
True
Is 9201 a prime number?
False
Is 151223 a prime number?
False
Is 108971 composite?
False
Is 16507 a prime number?
False
Is 4399 a composite number?
True
Is 444989 a prime number?
False
Is 33817 prime?
False
Is 116671 a composite number?
True
Is 208657 a composite number?
False
Is 42587 prime?
False
Is 185221 a composite number?
False
Is 25003 a prime number?
False
Is 4406 prime?
False
Is 4127 composite?
False
Is 246529 prime?
False
Is 3855023 a prime number?
True
Is 50989 prime?
True
Is 31015 a prime number?
False
Is 2285 composite?
True
Is 334 prime?
False
Is 162209 prime?
True
Is 615491 prime?
True
Is 13637 a prime number?
False
Is 14603 a prime number?
False
Is 27049 a composite number?
True
Is 15229 prime?
False
Is 77471 a composite number?
False
Is 599803 a composite number?
False
Is 97307 prime?
False
Is 25261 composite?
False
Is 216803 composite?
False
Is 3683 a composite number?
True
Is 465631 a prime number?
True
Is 43261 a composite number?
False
Is 1801 a prime number?
True
Is 1005989 a prime number?
True
Is 5893 a prime number?
False
Is 2477 prime?
True
Is 324169 composite?
True
Is 18947 a composite number?
False
Is 10447 composite?
True
Is 10669 composite?
True
Is 25399 a prime number?
False
Is 19937 prime?
True
Is 222707 prime?
True
Is 2344819 prime?
True
Is 13787 a prime number?
False
Is 2220523 a composite number?
True
Is 298003 a prime number?
False
Is 401189 composite?
True
Is 183437 composite?
False
Is 46571 prime?
False
Is 18779 prime?
False
Is 59317 a prime number?
False
Is 59333 a prime number?
True
Is 12097 prime?
True
Is 10154 a prime number?
False
Is 145447 prime?
False
Is 353967 a prime number?
False
Is 48157 prime?
True
Is 17321 composite?
False
Is 326903 a prime number?
True
Is 25931 a prime number?
True
Is 114547 a composite number?
False
Is 1055681 a composite number?
True
Is 119347 prime?
False
Is 17635 a composite number?
True
Is 3389 composite?
False
Is 12499 prime?
False
Is 10646 prime?
False
Is 7169 prime?
False
Is 168241 composite?
True
Is 32114 a prime number?
False
Is 942067 a composite number?
True
Is 680857 prime?
True
Is 161911 composite?
False
Is 139579 a prime number?
False
Is 377 composite?
True
Is 2609 prime?
True
Is 190389 composite?
True
Is 32839 composite?
False
Is 19961 prime?
True
Is 149213 composite?
False
Is 25001 a prime number?
False
Is 983159 a prime number?
False
Is 3293429 prime?
True
Is 1312921 composite?
False
Is 57241 prime?
True
Is 51943 prime?
False
Is 9157 prime?
True
Is 1471213 a composite number?
False
Is 30631 a prime number?
True
Is 18149 a prime number?
True
Is 127267 prime?
False
Is 1095043 composite?
False
Is 188249 a prime number?
True
Is 123059 a composite number?
False
Is 104978 composite?
True
Is 462515 a composite number?
True
Is 96571 a composite number?
True
Is 265313 a composite number?
False
Is 1141 a composite number?
True
Is 71249 prime?
True
Is 159269 composite?
True
Is 51277 a composite number?
True
Is 144083 prime?
False
Is 1204633 a composite number?
False
Is 35519 composite?
True
Is 24559 a prime number?
False
Is 135887 prime?
True
Is 81319 a prime number?
False
Is 126393 prime?
False
Is 64445 prime?
False
Is 196429 a prime number?
True
Is 676111 composite?
False
Is 3317 prime?
False
Is 2221 a composite number?
False
Is 6077 a prime number?
False
Is 104399 a composite number?
False
Is 95173 a prime number?
False
Is 237959 a composite number?
False
Is 60289 a composite number?
False
Is 233059 a composite number?
True
Is 1882987 a composite number?
True
Is 2789 a composite number?
False
Is 2887 a prime number?
True
Is 9871 a composite number?
False
Is 315213 a prime number?
False
Is 4987 a prime number?
True
Is 22497 a composite number?
True
Is 51361 prime?
True
Is 59 a composite number?
False
Is 1119623 composite?
False
Is 15859 a prime number?
True
Is 9091 a prime number?
True
Is 1328699 prime?
True
Is 9347 prime?
False
Is 467863 a prime number?
False
Is 218591 a prime number?
True
Is 50329 a prime number?
True
Is 16679 a prime number?
False
Is 2321 composite?
True
Is 13963 a prime number?
True
Is 31359 prime?
False
Is 291209 a composite number?
False
Is 215617 a composite number?
False
Is 144629 a prime number?
True
Is 62323 a composite number?
False
Is 11027 prime?
True
Is 10519 prime?
False
Is 19757 composite?
True
Is 1084981 a prime number?
True
Is 3079 prime?
True
Is 5729 a composite number?
True
Is 203917 a prime number?
False
Is 14786 a prime number?
False
Is 22409 prime?
True
Is 134777 a prime number?
True
Is 131585 a prime number?
False
Is 92695 composite?
True
Is 10487 a prime number?
True
Is 204389 a composite number?
True
Is 2199 composite?
True
Is 161119 composite?
True
Is 126173 a composite number?
False
Is 74419 prime?
True
Is 5807 prime?
True
Is 28915 a prime number?
False
Is 1139 a composite number?
True
Is 373 composite?
False
Is 8819 a prime number?
True
Is 161 a prime number?
False
Is 17943 a prime number?
False
Is 168977 a composite number?
False
Is 8011 a prime number?
True
Is 114531 a composite number?
True
Is 167471 a prime number?
True
Is 83 a composite number?
False
Is 2609 a composite number?
False
Is 2138 a composite number?
True
Is 1608853 a composite number?
True
Is 1117 composite?
False
Is 13289 prime?
False
Is 55201 a prime number?
True
Is 9307 prime?
False
Is 98779 prime?
True
Is 18461 a composite number?
False
Is 889 a composite number?
True
Is 12841 a prime number?
True
Is 591859 a prime number?
False
Is 367909 a prime number?
True
Is 261805 a prime number?
False
Is 108299 prime?
False
Is 26654 composite?
True
Is 188107 composite?
False
Is 716929 a composite number?
False
Is 1243763 a composite number?
True
Is 1503087 a composite number?
True
Is 88589 composite?
False
Is 8287 composite?
False
Is 3641 prime?
False
Is 24593 a composite number?
False
Is 179 composite?
False
Is 3802 prime?
False
Is 75479 a prime number?
True
Is 6421 a composite number?
False
Is 44521 a composite number?
True
Is 101141 prime?
True
Is 52261 prime?
False
Is 24439 prime?
True
Is 18971 composite?
True
Is 22409 prime?
True
Is 2504687 composite?
False
Is 183191 a prime number?
True
Is 25561 a composite number?
False
Is 21557 prime?
True
Is 344093 prime?
False
Is 76277 a composite number?
True
Is 11819 a prime number?
False
Is 26083 prime?
True
Is 649 a prime number?
False
Is 1477 composite?
True
Is 1229483 a prime number?
True
Is 338473 a composite number?
False
Is 26801 a prime number?
True
Is 2031 a prime number?
False
Is 23039 composite?
False
Is 2551 a prime number?
True
Is 1217 prime?
True
Is 1519853 a composite number?
True
Is 194057 composite?
False
Is 191951 a composite number?
True
Is 2973 a composite number?
True
Is 62459 prime?
True
Is 6613 prime?
False
Is 6899 composite?
False
Is 1749617 a prime number?
True
Is 2017 prime?
True
Is 15727 prime?
True
Is 15949 prime?
False
Is 81031 a composite number?
False
Is 454 a composite number?
True
Is 17